3
Suppose 7*x - 8*x = -27. Let f = 45 - x. What are the prime factors of f?
2, 3
Let l = -15 - -10. Let g be (-4)/10 - 7/l. Suppose 0 = 3*z + g - 7. List the prime factors of z.
2
Let x = 14 - 8. Suppose 45 - x = m. Suppose 3*g = -5*z + m, g - 2 = 3*z - 17. What are the prime factors of z?
2, 3
Suppose -s + 3*g - 21 = 0, -5*s - 16 = -3*g + 101. Suppose 0*q + 18 = -2*q. Let v = q - s. What are the prime factors of v?
3, 5
Let h(p) = p**3 + 11*p**2 + 7*p - 9. Let x(w) = 2*w**3 + 23*w**2 + 15*w - 18. Let c(v) = 7*h(v) - 3*x(v). What are the prime factors of c(-7)?
2, 3
Let k(m) = m**2. Let x be k(5). Suppose -2*r = -2*c - 0*c + 18, -5*r - x = 0. List the prime factors of c.
2
List the prime factors of (-2)/(-10) + (-5632)/(-40).
3, 47
Let r be (1*-1)/(1/2). Suppose -13 = 4*v - 41. Let w = v + r. List the prime factors of w.
5
Let d = 36 + 5. List the prime factors of d.
41
Let i(l) = -l**2 + 11*l - 2. Let x be i(10). Let q(t) be the third derivative of -t**5/60 + 3*t**4/8 + 2*t**2. What are the prime factors of q(x)?
2
Suppose 312 = a - 0*v - 2*v, -3*v - 312 = -a. What are the prime factors of a?
2, 3, 13
Let a(p) = -p**3 + 4*p**2 + 2. Let m = -2 - 1. Let l = 5 + m. What are the prime factors of a(l)?
2, 5
Let m(i) = -9*i**3 - 2*i - 1. Suppose -4 = 2*c + 2*c. Let z be m(c). Let x = 22 - z. What are the prime factors of x?
2, 3
Let g = 12 - -207. List the prime factors of g.
3, 73
Let x(q) = 7*q + 1. List the prime factors of x(6).
43
Let d(v) be the first derivative of v**2/2 - 2*v - 2. Let p = 4 + 1. List the prime factors of d(p).
3
Let s(p) be the second derivative of -p**5/10 - p**4/12 - p**2 - p. What are the prime factors of s(-2)?
2, 5
Let r = 1 - -1. Suppose -i - r = -21. What are the prime factors of i?
19
Suppose 0 = 2*v + 29 + 5. Let n be -2*(-2)/2*-5. Let r = n - v. What are the prime factors of r?
7
Suppose 12 = -4*b - 4*u + 4, 2*u = 3*b + 31. Let k(h) = -h**3 - 8*h**2 - 7*h + 8. What are the prime factors of k(b)?
2
Suppose x = 1 - 5, 3*o = 4*x + 40. What are the prime factors of 396/o + (-6)/(-4)?
3, 17
List the prime factors of (0 - 1740/18)/(2/(-6)).
2, 5, 29
Let i be 3/(-1)*15/(-9). Suppose 46 = 3*o - i. List the prime factors of o.
17
Let m(f) be the second derivative of f**5/20 - 2*f**4/3 + 7*f**3/6 + 3*f**2/2 - 2*f. Let d be m(6). What are the prime factors of d*1*2/(-6)?
3
Let w = 11 - 15. Let b = w - -17. List the prime factors of b.
13
Suppose 3*p = p + 10. Suppose 3*u - 5*y - 5 = p, 0 = u + 3*y + 6. Suppose -w = 4*x - 13, 2*w - 2 = 4*x - u. What are the prime factors of w?
5
Suppose 7 = -4*r - 5*z - 8, 4*r - z - 3 = 0. Let c be -3 + 4 + (r - -2). Suppose 5*h - 19 = u, 3*h - 4*u - 11 = -c*u. List the prime factors of h.
2
Let s(n) = -n**3 + 8*n**2 + 10*n + 5. Let g(v) = 4*v - 7. Let b be g(4). What are the prime factors of s(b)?
2, 7
Let y(l) = l - 9. Let v be y(9). What are the prime factors of v + -2 - -35 - -1?
2, 17
Suppose -200 = -3*y + 4. What are the prime factors of y?
2, 17
Let u = 40 + -5. What are the prime factors of u?
5, 7
Suppose -4*p - o = -208, -3*p + o + 156 = 5*o. Let q = p + -29. List the prime factors of q.
23
Suppose 2*n + 64 = d, -3*d - 6*n + 196 = -8*n. List the prime factors of d.
2, 3, 11
Let c = 7 + -2. Suppose -h = -c*h. Suppose 4*z - 8*z + 36 = h. List the prime factors of z.
3
Let y(f) = -f**3 - 3*f**2 + 15*f + 8. Let d be y(-6). Suppose -4*k + h + 36 = 0, 5*k - 2*h = 19 + d. What are the prime factors of k?
3
Let l = -3 + 4. What are the prime factors of 2 + l + 18/3?
3
Let q = 277 - 176. List the prime factors of q.
101
Let q = 224 + -131. List the prime factors of q.
3, 31
Let y be (1 + -1 - -21)/1. Suppose y - 9 = 4*i. List the prime factors of i.
3
Suppose -19 = -5*r + 6. What are the prime factors of r?
5
Suppose 296 = -4*g - 12. Let w = -51 - g. List the prime factors of w.
2, 13
Let k(o) = -o**3 + 15*o**2 - 6*o + 12. What are the prime factors of k(14)?
2, 31
Let o(s) = -2*s - 13. Let v be o(-10). List the prime factors of ((-10)/(-14) + 3)*v.
2, 13
Let y(v) = -v**2 + 2*v + 4. Let u be y(3). Suppose 2*h - 67 = -u. List the prime factors of h.
3, 11
Suppose -3*x = -3*t + 39, 3*x + 0*x + 4*t + 60 = 0. Let n = x + 21. List the prime factors of n.
5
Suppose 5 + 17 = 2*t. What are the prime factors of t?
11
Suppose 200 = 4*g + 28. What are the prime factors of g?
43
Let u be (6/4)/(12/64). Let v = u + -6. List the prime factors of v.
2
List the prime factors of 3/6 + (-217)/(-2).
109
Let f = 14 - -44. List the prime factors of f.
2, 29
Suppose -s + 95 = 5*p, -2*p + 3*s = p - 57. Suppose 10 = -4*v - 30. Let x = v + p. What are the prime factors of x?
3
Suppose 0 = -m + 5 - 3. Suppose -5 = -i + m. What are the prime factors of i?
7
Suppose 3*q = -5*a + 50 + 33, a = -5*q + 109. Let y(l) = l**2 - 4*l - 1. Let b be y(5). Suppose -20 = -b*z, -5*z = g - q - 8. What are the prime factors of g?
2
Let n be -3 + 2*(-14)/(-4). Suppose 3*t + n = 100. What are the prime factors of t?
2
Suppose -3*v - 5*v = -64. What are the prime factors of v?
2
Let c be ((-22)/(-4) + 2)*2. Let f = c - 1. List the prime factors of f/(-7) - -1*17.
3, 5
Suppose 0*p + 4*p = 16. Let x be 8/p + (8 - 1). Suppose -x = -q - 3. What are the prime factors of q?
2, 3
Suppose 3*g - 3*c - 2*c = 500, 0 = 4*g - 5*c - 660. What are the prime factors of g?
2, 5
Suppose 140 = -5*o + 5*p, -3*o + p - 70 = 6. Let z be (o + 1)/((-3)/3). Suppose 5*s - 37 = z. What are the prime factors of s?
2, 3
Let n(w) = -21*w**3 + 2*w**2 + 2*w + 1. List the prime factors of n(-1).
2, 11
Suppose 0 = b + 2*i - 7*i + 24, -4*b + 2*i - 24 = 0. Let s be ((-84)/(-2))/(b + 5). Suppose 0 = c + c - s. What are the prime factors of c?
3, 7
Let o = 104 - 66. What are the prime factors of o?
2, 19
Let f(p) = p**3 + 6*p**2 + 4*p - 2. Let u be f(-4). List the prime factors of (-4)/(-14) - (-52)/u.
2
Let u(k) = -k - 1. Let w(p) = p + 1. Let b(f) = -u(f) - 2*w(f). List the prime factors of b(-8).
7
Let u(a) = 7*a - 9. Let n be u(8). Let f = n - 19. What are the prime factors of f?
2, 7
Suppose p = -137 - 3. What are the prime factors of p/(-25) - (-4)/10?
2, 3
Let i(m) = -42*m + 4. What are the prime factors of i(-2)?
2, 11
Let k(a) be the first derivative of a**4/4 + a**3 - a**2/2 + 2*a - 3. Let y be (2/4)/(1/(-6)). What are the prime factors of k(y)?
5
Let m = -165 + 371. Suppose m = 5*l + 4*t, 3*l - t = 3*t + 98. Suppose -5*j + 70 = 5*z, l = j + 2*j + z. List the prime factors of j.
2, 3
List the prime factors of (182 - 0/(-4)) + 5.
11, 17
Let z be (9 - -1) + -1 + 2. Let g = 22 - z. What are the prime factors of g?
11
Let n = 177 + -48. What are the prime factors of n?
3, 43
List the prime factors of (75 - -29) + -2 + 1.
103
Let l = -9 - -4. Let v be 3 + l/(10/(-4)). What are the prime factors of 11/v + 1/(-5)?
2
Let t(v) = v**2 - v. Let x(g) = 5*g**2 - 2. Let c(j) = 4*t(j) - x(j). List the prime factors of c(-3).
5
Suppose w + 3*w + 2*i - 82 = 0, -2*i + 60 = 3*w. Let q = w - 11. Suppose -n - q = -2*n. What are the prime factors of n?
11
Suppose q = 6*q - 35. Let k = 27 + q. List the prime factors of k.
2, 17
List the prime factors of 1 - (1 - (-3 - -122)).
7, 17
Let m(i) = i**2 - i. Let v be m(0). Suppose v + 5 = 5*s. Suppose -5*k + s = -o - 10, 0 = -5*k + 3*o + 13. List the prime factors of k.
2
Suppose 0 = -12*h + 8*h + 180. Suppose -4*n + 2 = 5*y - h, -2*n = -6. List the prime factors of y.
7
Let n(u) = 7*u**2 + 2*u - 1. Let m be n(1). Let p = m + 5. What are the prime factors of p?
13
Let c = 3 - 15. Let r = -37 + 31. What are the prime factors of (-16)/r*(-45)/c?
2, 5
Suppose -5*z + 0 = -5, 0 = -5*c - 5*z - 65. List the prime factors of 4/6*(-273)/c.
13
Let z(b) = b**3 + 5*b**2 - b - 1. Let f be z(-5). Suppose f*c + 2*q = 22 + 42, 3*q + 16 = c. What are the prime factors of c?
2
Let y(g) = 9*g**2 + 6*g - 9. List the prime factors of y(-4).
3, 37
Let n = 17 - 31. Let h = -59 - -38. Let f = n - h. List the prime factors of f.
7
Let i = -2 + 6. Suppose 0 = -3*n + 6*n + 12, -i*n = 5*c + 16. Suppose 0 = -c*u + 4*u - 72. What are the prime factors of u?
2, 3
Let q(p) = -p**3 - 3*p**2 - 5. Let r be q(-4). Suppose -r = -4*u + 5. What are the prime factors of u?
2
Let m(c) = 3*c**2 + 5*c - 2. Let w(y) = -2*y**2 - 3*y + 1. Let h(d) = 4*m(d) + 7*w(d). Let t be h(2). Let